{"id":448,"date":"2023-03-19T21:59:41","date_gmt":"2023-03-19T20:59:41","guid":{"rendered":"http:\/\/www.existe-en-ciel.com\/Veronique\/?page_id=448"},"modified":"2023-06-30T18:53:00","modified_gmt":"2023-06-30T16:53:00","slug":"448-2","status":"publish","type":"page","link":"http:\/\/www.existe-en-ciel.com\/Veronique\/448-2\/","title":{"rendered":"Les t\u00e9moignages"},"content":{"rendered":"<p>[et_pb_section fb_built=\u00a0\u00bb1&Prime; admin_label=\u00a0\u00bbAbout\u00a0\u00bb _builder_version=\u00a0\u00bb4.18.0&Prime; _module_preset=\u00a0\u00bbdefault\u00a0\u00bb overflow-x=\u00a0\u00bbhidden\u00a0\u00bb overflow-y=\u00a0\u00bbhidden\u00a0\u00bb global_colors_info=\u00a0\u00bb{}\u00a0\u00bb][et_pb_row column_structure=\u00a0\u00bb1_2,1_2&Prime; _builder_version=\u00a0\u00bb4.18.0&Prime; _module_preset=\u00a0\u00bbdefault\u00a0\u00bb locked=\u00a0\u00bboff\u00a0\u00bb global_colors_info=\u00a0\u00bb{}\u00a0\u00bb][et_pb_column type=\u00a0\u00bb1_2&Prime; _builder_version=\u00a0\u00bb4.18.0&Prime; _module_preset=\u00a0\u00bbdefault\u00a0\u00bb z_index=\u00a0\u00bb10&Prime; global_colors_info=\u00a0\u00bb{}\u00a0\u00bb][et_pb_image src=\u00a0\u00bbhttp:\/\/www.existe-en-ciel.com\/Veronique\/wp-content\/uploads\/2023\/03\/lise-loncan-in-deco-architecture-interieure4.jpg\u00a0\u00bb title_text=\u00a0\u00bblise-loncan-in-deco-architecture-interieure4&Prime; _builder_version=\u00a0\u00bb4.18.0&Prime; _module_preset=\u00a0\u00bbdefault\u00a0\u00bb background_color=\u00a0\u00bb#372E2B\u00a0\u00bb custom_margin=\u00a0\u00bb||||false|false\u00a0\u00bb custom_padding=\u00a0\u00bb|30%|||false|false\u00a0\u00bb locked=\u00a0\u00bboff\u00a0\u00bb global_colors_info=\u00a0\u00bb{}\u00a0\u00bb][\/et_pb_image][et_pb_text _builder_version=\u00a0\u00bb4.18.0&Prime; _module_preset=\u00a0\u00bb7b39e609-07da-4c2d-b385-8265485d0349&Prime; header_2_font=\u00a0\u00bbKrona One|||on|||||\u00a0\u00bb header_2_text_color=\u00a0\u00bb#8D044E\u00a0\u00bb header_2_font_size=\u00a0\u00bb100px\u00a0\u00bb header_2_line_height=\u00a0\u00bb1.2em\u00a0\u00bb custom_margin=\u00a0\u00bb|-100%|||false|false\u00a0\u00bb custom_margin_tablet=\u00a0\u00bb|0%|||false|false\u00a0\u00bb custom_margin_phone=\u00a0\u00bb|0%|||false|false\u00a0\u00bb custom_margin_last_edited=\u00a0\u00bbon|phone\u00a0\u00bb custom_padding=\u00a0\u00bb||||false|false\u00a0\u00bb header_2_font_size_tablet=\u00a0\u00bb50px\u00a0\u00bb header_2_font_size_phone=\u00a0\u00bb30px\u00a0\u00bb header_2_font_size_last_edited=\u00a0\u00bbon|phone\u00a0\u00bb header_2_text_shadow_style=\u00a0\u00bbpreset2&Prime; header_2_text_shadow_color=\u00a0\u00bbrgba(141,4,78,0.25)\u00a0\u00bb locked=\u00a0\u00bboff\u00a0\u00bb global_colors_info=\u00a0\u00bb{}\u00a0\u00bb]<\/p>\n<h2>Les t\u00e9moignages<\/h2>\n<p>[\/et_pb_text][et_pb_text _builder_version=\u00a0\u00bb4.18.0&Prime; _module_preset=\u00a0\u00bbaec0be99-8a53-4f75-abf2-64f29a8b4cc2&Prime; text_font=\u00a0\u00bbKrona One||||||||\u00a0\u00bb text_text_color=\u00a0\u00bb#000000&Prime; text_font_size=\u00a0\u00bb18px\u00a0\u00bb text_line_height=\u00a0\u00bb1.8em\u00a0\u00bb link_text_color=\u00a0\u00bb#000000&Prime; text_font_size_tablet=\u00a0\u00bb16px\u00a0\u00bb text_font_size_phone=\u00a0\u00bb14px\u00a0\u00bb text_font_size_last_edited=\u00a0\u00bbon|phone\u00a0\u00bb locked=\u00a0\u00bboff\u00a0\u00bb global_colors_info=\u00a0\u00bb{}\u00a0\u00bb]<\/p>\n<p>Parcourez les t\u00e9moignages de mes clients satisfaits et d\u00e9couvrez comment mon expertise en architecture d&rsquo;int\u00e9rieur a transform\u00e9 leurs espaces de vie. Chacun de ces t\u00e9moignages refl\u00e8te mon d\u00e9vouement \u00e0 cr\u00e9er des int\u00e9rieurs harmonieux et esth\u00e9tiquement plaisants, o\u00f9 le bien-\u00eatre est au c\u0153ur de ma d\u00e9marche. Laissez-vous inspirer par leurs exp\u00e9riences et imaginez les possibilit\u00e9s infinies pour votre propre projet.<\/p>\n<p>[\/et_pb_text][\/et_pb_column][et_pb_column type=\u00a0\u00bb1_2&Prime; _builder_version=\u00a0\u00bb4.18.0&Prime; _module_preset=\u00a0\u00bbdefault\u00a0\u00bb global_colors_info=\u00a0\u00bb{}\u00a0\u00bb][et_pb_image src=\u00a0\u00bbhttp:\/\/www.existe-en-ciel.com\/Veronique\/wp-content\/uploads\/2023\/03\/lise-loncan-in-deco-architecture-interieure5.jpg\u00a0\u00bb title_text=\u00a0\u00bblise-loncan-in-deco-architecture-interieure5&Prime; _builder_version=\u00a0\u00bb4.18.0&Prime; _module_preset=\u00a0\u00bbdefault\u00a0\u00bb custom_margin=\u00a0\u00bb|-25vw|||false|false\u00a0\u00bb custom_margin_tablet=\u00a0\u00bb|-10vw|||false|false\u00a0\u00bb custom_margin_phone=\u00a0\u00bb|-10vw|||false|false\u00a0\u00bb custom_margin_last_edited=\u00a0\u00bbon|phone\u00a0\u00bb global_colors_info=\u00a0\u00bb{}\u00a0\u00bb][\/et_pb_image][\/et_pb_column][\/et_pb_row][\/et_pb_section][et_pb_section fb_built=\u00a0\u00bb1&Prime; admin_label=\u00a0\u00bbAbout\u00a0\u00bb _builder_version=\u00a0\u00bb4.18.0&Prime; _module_preset=\u00a0\u00bbdefault\u00a0\u00bb locked=\u00a0\u00bboff\u00a0\u00bb global_colors_info=\u00a0\u00bb{}\u00a0\u00bb][et_pb_row _builder_version=\u00a0\u00bb4.18.0&Prime; _module_preset=\u00a0\u00bbdefault\u00a0\u00bb hover_enabled=\u00a0\u00bb0&Prime; global_colors_info=\u00a0\u00bb{}\u00a0\u00bb sticky_enabled=\u00a0\u00bb0&Prime;][et_pb_column type=\u00a0\u00bb4_4&Prime; _builder_version=\u00a0\u00bb4.18.0&Prime; _module_preset=\u00a0\u00bbdefault\u00a0\u00bb global_colors_info=\u00a0\u00bb{}\u00a0\u00bb][et_pb_testimonial author=\u00a0\u00bbFREDERIQUE BOIS FARINAUD\u00a0\u00bb quote_icon_color=\u00a0\u00bb#8D044E\u00a0\u00bb quote_icon_background_color=\u00a0\u00bb#ffffff\u00a0\u00bb _builder_version=\u00a0\u00bb4.18.0&Prime; _module_preset=\u00a0\u00bbdefault\u00a0\u00bb body_font=\u00a0\u00bb||on||||||\u00a0\u00bb body_font_size=\u00a0\u00bb17px\u00a0\u00bb background_enable_color=\u00a0\u00bboff\u00a0\u00bb hover_enabled=\u00a0\u00bb0&Prime; border_width_top=\u00a0\u00bb4px\u00a0\u00bb border_color_top=\u00a0\u00bb#8D044E\u00a0\u00bb global_colors_info=\u00a0\u00bb{}\u00a0\u00bb sticky_enabled=\u00a0\u00bb0&Prime;]<\/p>\n<p><span>Notre projet \u00e9tait de remettre au go\u00fbt du jour, l&rsquo;entr\u00e9e, le salon, la salle \u00e0 manger et la cuisine de notre maison. Lise \u00e0 \u00e9t\u00e9 tr\u00e8s \u00e0 l&rsquo;\u00e9coute de nos besoins. Elle \u00e0 su adapter nos envies tout en respectant l&rsquo;\u00e2me de la maison. Tr\u00e8s disponible, tr\u00e8s r\u00e9active et pleines d&rsquo;id\u00e9es, elle nous a accompagn\u00e9 \u00e0 chaque \u00e9tape, <\/span><\/p>\n<p>[\/et_pb_testimonial][et_pb_testimonial author=\u00a0\u00bbEstelle RICHARD\u00a0\u00bb quote_icon_color=\u00a0\u00bb#8D044E\u00a0\u00bb quote_icon_background_color=\u00a0\u00bb#ffffff\u00a0\u00bb _builder_version=\u00a0\u00bb4.18.0&Prime; _module_preset=\u00a0\u00bbdefault\u00a0\u00bb body_font=\u00a0\u00bb||on||||||\u00a0\u00bb body_font_size=\u00a0\u00bb17px\u00a0\u00bb background_enable_color=\u00a0\u00bboff\u00a0\u00bb hover_enabled=\u00a0\u00bb0&Prime; border_width_top=\u00a0\u00bb4px\u00a0\u00bb border_color_top=\u00a0\u00bb#8D044E\u00a0\u00bb global_colors_info=\u00a0\u00bb{}\u00a0\u00bb sticky_enabled=\u00a0\u00bb0&Prime;]<\/p>\n<p><span>Je suis tr\u00e8s contente de la prestation. Lise a \u00e9t\u00e9 \u00e0 l\u2019\u00e9coute de mon projet et m\u2019a accompagn\u00e9e comme je le souhaitais. Travail s\u00e9rieux et complet, beaucoup de propositions et sait se rendre disponible en fonction des besoins.<\/span><\/p>\n<p>[\/et_pb_testimonial][\/et_pb_column][\/et_pb_row][\/et_pb_section]<\/p>\n","protected":false},"excerpt":{"rendered":"<p>Les t\u00e9moignagesParcourez les t\u00e9moignages de mes clients satisfaits et d\u00e9couvrez comment mon expertise en architecture d&rsquo;int\u00e9rieur a transform\u00e9 leurs espaces de vie. Chacun de ces t\u00e9moignages refl\u00e8te mon d\u00e9vouement \u00e0 cr\u00e9er des int\u00e9rieurs harmonieux et esth\u00e9tiquement plaisants, o\u00f9 le bien-\u00eatre est au c\u0153ur de ma d\u00e9marche. Laissez-vous inspirer par leurs exp\u00e9riences et imaginez les possibilit\u00e9s [&hellip;]<\/p>\n","protected":false},"author":1,"featured_media":0,"parent":0,"menu_order":0,"comment_status":"closed","ping_status":"closed","template":"","meta":{"_et_pb_use_builder":"on","_et_pb_old_content":"","_et_gb_content_width":"","footnotes":""},"class_list":["post-448","page","type-page","status-publish","hentry"],"_links":{"self":[{"href":"http:\/\/www.existe-en-ciel.com\/Veronique\/wp-json\/wp\/v2\/pages\/448","targetHints":{"allow":["GET"]}}],"collection":[{"href":"http:\/\/www.existe-en-ciel.com\/Veronique\/wp-json\/wp\/v2\/pages"}],"about":[{"href":"http:\/\/www.existe-en-ciel.com\/Veronique\/wp-json\/wp\/v2\/types\/page"}],"author":[{"embeddable":true,"href":"http:\/\/www.existe-en-ciel.com\/Veronique\/wp-json\/wp\/v2\/users\/1"}],"replies":[{"embeddable":true,"href":"http:\/\/www.existe-en-ciel.com\/Veronique\/wp-json\/wp\/v2\/comments?post=448"}],"version-history":[{"count":9,"href":"http:\/\/www.existe-en-ciel.com\/Veronique\/wp-json\/wp\/v2\/pages\/448\/revisions"}],"predecessor-version":[{"id":603,"href":"http:\/\/www.existe-en-ciel.com\/Veronique\/wp-json\/wp\/v2\/pages\/448\/revisions\/603"}],"wp:attachment":[{"href":"http:\/\/www.existe-en-ciel.com\/Veronique\/wp-json\/wp\/v2\/media?parent=448"}],"curies":[{"name":"wp","href":"https:\/\/api.w.org\/{rel}","templated":true}]}}