{"id":60,"date":"2024-07-19T10:33:07","date_gmt":"2024-07-19T08:33:07","guid":{"rendered":"http:\/\/www.existe-en-ciel.com\/Karole\/?page_id=60"},"modified":"2024-07-23T10:21:38","modified_gmt":"2024-07-23T08:21:38","slug":"qui-suis-je","status":"publish","type":"page","link":"http:\/\/www.existe-en-ciel.com\/Karole\/qui-suis-je\/","title":{"rendered":"Qui suis-je ?"},"content":{"rendered":"<p>[et_pb_section fb_built=\u00a0\u00bb1&Prime; _builder_version=\u00a0\u00bb4.16&Prime; _module_preset=\u00a0\u00bbdefault\u00a0\u00bb custom_padding=\u00a0\u00bb1px|||||\u00a0\u00bb global_colors_info=\u00a0\u00bb{}\u00a0\u00bb][et_pb_row _builder_version=\u00a0\u00bb4.16&Prime; _module_preset=\u00a0\u00bbdefault\u00a0\u00bb global_colors_info=\u00a0\u00bb{}\u00a0\u00bb][et_pb_column type=\u00a0\u00bb4_4&Prime; _builder_version=\u00a0\u00bb4.16&Prime; _module_preset=\u00a0\u00bbdefault\u00a0\u00bb global_colors_info=\u00a0\u00bb{}\u00a0\u00bb][et_pb_text _builder_version=\u00a0\u00bb4.27.0&Prime; _module_preset=\u00a0\u00bbdefault\u00a0\u00bb header_font=\u00a0\u00bb&#8211;et_global_heading_font||||||||\u00a0\u00bb header_font_size=\u00a0\u00bb35px\u00a0\u00bb hover_enabled=\u00a0\u00bb0&Prime; global_colors_info=\u00a0\u00bb{}\u00a0\u00bb sticky_enabled=\u00a0\u00bb0&Prime;]<\/p>\n<h1>Qui suis-je ?<\/h1>\n<p>[\/et_pb_text][et_pb_divider color=\u00a0\u00bb#000000&Prime; divider_weight=\u00a0\u00bb2px\u00a0\u00bb _builder_version=\u00a0\u00bb4.16&Prime; _module_preset=\u00a0\u00bbdefault\u00a0\u00bb global_colors_info=\u00a0\u00bb{}\u00a0\u00bb][\/et_pb_divider][\/et_pb_column][\/et_pb_row][et_pb_row column_structure=\u00a0\u00bb3_5,2_5&Prime; _builder_version=\u00a0\u00bb4.16&Prime; _module_preset=\u00a0\u00bbdefault\u00a0\u00bb custom_margin=\u00a0\u00bb-19px|auto||auto||\u00a0\u00bb custom_padding=\u00a0\u00bb33px|||||\u00a0\u00bb global_colors_info=\u00a0\u00bb{}\u00a0\u00bb][et_pb_column type=\u00a0\u00bb3_5&Prime; _builder_version=\u00a0\u00bb4.16&Prime; _module_preset=\u00a0\u00bbdefault\u00a0\u00bb global_colors_info=\u00a0\u00bb{}\u00a0\u00bb][et_pb_text _builder_version=\u00a0\u00bb4.16&Prime; _module_preset=\u00a0\u00bbdefault\u00a0\u00bb global_colors_info=\u00a0\u00bb{}\u00a0\u00bb]<\/p>\n<p>Je vis en <strong>France<\/strong>, \u00e0 30 mn de <strong>Lyon,<\/strong> dans la r\u00e9gion Auvergne-Rh\u00f4ne-Alpes.<\/p>\n<p>Peindre rel\u00e8ve pour moi d\u2019une <strong>\u00ab\u00a0n\u00e9cessit\u00e9 int\u00e9rieure\u00a0\u00bb <\/strong>comme a pu le dire<strong> Vassily\u00a0 Kandinsky<\/strong>* en des temps\u00a0 lointains\u2026Il s\u2019agit d\u2019un besoin vital inscrit au fond de moi depuis 30 ans. C\u2019est ma fa\u00e7on de dire \u00a0ce qui m\u2019habite, me traverse, m\u2019interroge. Lieu d\u2019expression, langage singulier, \u00ab\u00a0extra\u00a0\u00bb ordinaire qui m\u2019 invite \u00e0 \u00a0une perp\u00e9tuelle remise en question.<\/p>\n<p><strong>J\u2019ai longtemps peint sur du bois<\/strong>. \u00a0J\u2019ai aim\u00e9\u00a0 cette mati\u00e8re qui me r\u00e9sistait, ne craignant pas les diverses \u00e9tapes que j\u2019ai pu\u00a0 lui \u00a0proposer:\u00a0 coller, frotter, \u00a0gratter, enduire, <strong>\u00a0recycler<\/strong>\u2026\u2026autant d\u2019actions qui m\u2019ont\u00a0 permis de m\u2019exprimer\u00a0 tout en interrogeant ma cr\u00e9ativit\u00e9 et mon envie de jouer. A cela s\u2019ajoutait\u00a0 \u00a0la peinture acrylique, mais aussi la peinture \u00e0 l\u2019huile, les pastels, \u00a0encres, \u00a0fusain, \u00a0sable, \u00a0papiers, cartons, tissus. C\u2019est ce qu\u2019on nomme les<strong> \u00ab\u00a0techniques mixtes\u00a0\u00bb.<\/strong><\/p>\n<p>Actuellement, je travaille essentiellement \u00e0\u00a0<strong> l\u2019Encre de Chine sur papier ou sur toile. <\/strong>J\u2019aime particuli\u00e8rement sa fluidit\u00e9, sa texture, sa densit\u00e9 mais aussi sa possibilit\u00e9 de se diluer, de devenir aquarelle, expression tout en subtilit\u00e9 et d\u00e9licatesse. L\u2019encre par d\u00e9finition sert \u00e0 \u00e9crire. Ici c\u2019est mon \u00e9criture \u00e0 moi, riche de symboles que j\u2019introduis dans mon travail. Et puis ce que j\u2019aime \u00e9galement c\u2019est travailler ce noir qui r\u00e9sonne avec d\u2019autres noirs, plus personnels, inscrits dans mon histoire. Par mon travail de cr\u00e9ation, je transforme ce noir, j\u2019en fais quelque chose, il devient autre. <strong>C\u2019est un travail de r\u00e9silience<\/strong>.<\/p>\n<p>[\/et_pb_text][\/et_pb_column][et_pb_column type=\u00a0\u00bb2_5&Prime; _builder_version=\u00a0\u00bb4.16&Prime; _module_preset=\u00a0\u00bbdefault\u00a0\u00bb global_colors_info=\u00a0\u00bb{}\u00a0\u00bb][et_pb_image src=\u00a0\u00bbhttp:\/\/www.existe-en-ciel.com\/Karole\/wp-content\/uploads\/2024\/07\/shutterstock_1850166760-scaled.jpg\u00a0\u00bb title_text=\u00a0\u00bbChinese,Art,Brush,Ink,On,White,Paper.,The,Concept,Of\u00a0\u00bb _builder_version=\u00a0\u00bb4.16&Prime; _module_preset=\u00a0\u00bbdefault\u00a0\u00bb custom_padding=\u00a0\u00bb138px|||0px||\u00a0\u00bb global_colors_info=\u00a0\u00bb{}\u00a0\u00bb][\/et_pb_image][\/et_pb_column][\/et_pb_row][et_pb_row _builder_version=\u00a0\u00bb4.16&Prime; _module_preset=\u00a0\u00bbdefault\u00a0\u00bb custom_margin=\u00a0\u00bb-19px|auto||auto||\u00a0\u00bb custom_padding=\u00a0\u00bb42px|||||\u00a0\u00bb global_colors_info=\u00a0\u00bb{}\u00a0\u00bb][et_pb_column type=\u00a0\u00bb4_4&Prime; _builder_version=\u00a0\u00bb4.16&Prime; _module_preset=\u00a0\u00bbdefault\u00a0\u00bb global_colors_info=\u00a0\u00bb{}\u00a0\u00bb][et_pb_text _builder_version=\u00a0\u00bb4.16&Prime; _module_preset=\u00a0\u00bbdefault\u00a0\u00bb global_colors_info=\u00a0\u00bb{}\u00a0\u00bb]<\/p>\n<p>Apr\u00e8s avoir beaucoup peint autour des enfants, je travaille aujourd\u2019hui sur les<strong> \u00ab\u00a0femmes\u00a0 debout\u00a0\u00bb.<\/strong> Je les vois caboss\u00e9es par la vie, parfois bancales, h\u00e9sitantes, souffrantes mais tellement courageuses, volontaires, sensibles, r\u00e9silientes, debout !\u00a0<\/p>\n<p>Dans tout mon travail de cr\u00e9ation et depuis tr\u00e8s longtemps d\u00e9j\u00e0, j\u2019utilise\u00a0 de<strong> vieux documents. <\/strong>Cahiers d\u2019\u00e9cole, actes notari\u00e9s, lettres manuscrites, journaux, photos\u2026 Ce sont \u00a0pour moi des traces de vies ou d\u2019\u00e9v\u00e8nements pass\u00e9s qui r\u00e9sonnent l\u00e0 encore avec ma propre histoire et\u00a0 me dirigent vers un\u00a0 <strong>travail autour de la m\u00e9moire <\/strong>: comment \u00e0 partir de ces traces d\u2019un autre temps je parviens \u00e0 transformer ce qui peut l\u2019\u00eatre, <strong>\u00e9crire une autre histoire<\/strong>. S\u2019agit-il d\u2019un h\u00e9ritage inconscient, de racines \u00e0 trouver ? comment savoir ?\u00a0 Peu importe. Par mon processus de cr\u00e9ation, ces empreintes issues d\u2019un pass\u00e9 r\u00e9volu sont toujours l\u00e0 mais autrement. Pour moi c\u2019est ce qui compte.<\/p>\n<p><strong>L\u2019Humain est mon th\u00e8me de pr\u00e9dilection. Artiste-peintre figuratif, <\/strong>je cherche\u00a0 des r\u00e9ponses aux \u00e9nigmes qui nous constituent.<\/p>\n<p>&nbsp;<\/p>\n<p><strong>*Vassily Kandinsky <\/strong>\u00ab\u00a0Du spirituel dans l\u2019art et dans la peinture en particulier\u00a0\u00bb. Folio essais.<\/p>\n<p>[\/et_pb_text][\/et_pb_column][\/et_pb_row][et_pb_row _builder_version=\u00a0\u00bb4.16&Prime; _module_preset=\u00a0\u00bbdefault\u00a0\u00bb global_colors_info=\u00a0\u00bb{}\u00a0\u00bb][et_pb_column type=\u00a0\u00bb4_4&Prime; _builder_version=\u00a0\u00bb4.16&Prime; _module_preset=\u00a0\u00bbdefault\u00a0\u00bb global_colors_info=\u00a0\u00bb{}\u00a0\u00bb][et_pb_text _builder_version=\u00a0\u00bb4.27.0&Prime; _module_preset=\u00a0\u00bbdefault\u00a0\u00bb header_font=\u00a0\u00bbAllan||||||||\u00a0\u00bb header_2_font_size=\u00a0\u00bb40px\u00a0\u00bb global_colors_info=\u00a0\u00bb{}\u00a0\u00bb]<\/p>\n<h2>Mes inspirations<\/h2>\n<p>[\/et_pb_text][et_pb_divider color=\u00a0\u00bb#000000&Prime; divider_weight=\u00a0\u00bb2px\u00a0\u00bb _builder_version=\u00a0\u00bb4.16&Prime; _module_preset=\u00a0\u00bbdefault\u00a0\u00bb global_colors_info=\u00a0\u00bb{}\u00a0\u00bb][\/et_pb_divider][\/et_pb_column][\/et_pb_row][et_pb_row column_structure=\u00a0\u00bb1_2,1_2&Prime; _builder_version=\u00a0\u00bb4.16&Prime; _module_preset=\u00a0\u00bbdefault\u00a0\u00bb custom_margin=\u00a0\u00bb-23px|auto||auto||\u00a0\u00bb global_colors_info=\u00a0\u00bb{}\u00a0\u00bb][et_pb_column type=\u00a0\u00bb1_2&Prime; _builder_version=\u00a0\u00bb4.16&Prime; _module_preset=\u00a0\u00bbdefault\u00a0\u00bb global_colors_info=\u00a0\u00bb{}\u00a0\u00bb][et_pb_text _builder_version=\u00a0\u00bb4.16&Prime; _module_preset=\u00a0\u00bbdefault\u00a0\u00bb global_colors_info=\u00a0\u00bb{}\u00a0\u00bb]<\/p>\n<p>Mes inspirateurs sont :<\/p>\n<p><strong>Anselm Kieffer\u00a0<\/strong>n\u00e9 en 1945 en Allemagne\u00a0 qui travaille depuis tr\u00e8s longtemps sur l\u2019histoire de son pays\u00a0 et son r\u00f4le durant la seconde guerre mondiale. Son p\u00e8re \u00e9tait officier dans la\u00a0 Wehrmacht.<\/p>\n<p><strong>Alain Kleinmann <\/strong>\u00a0artiste juif qui travaille autour de la m\u00e9moire.<\/p>\n<p><strong>Pierre Alechinski<\/strong> pour son travail de graphisme et\u00a0 \u00e0 l\u2019Encre de Chine.<\/p>\n<p><strong>Alberto Giacometti<\/strong> pour sa\u00a0 sculpture \u00ab\u00a0<strong>Femme qui marche<\/strong>\u00ab\u00a0. C\u2019est la premi\u00e8re sculpture de Giacometti dont le motif est une figure en marche.\u00a0 Vient\u00a0 ensuite \u00a0\u00bb <strong>L\u2019homme qui marche<\/strong>\u00a0\u00bb cr\u00e9\u00e9 et r\u00e9p\u00e9t\u00e9 \u00e0 l\u2019envie au lendemain de la seconde guerre mondiale pour signifier cette force de l\u2019homme qui reste en mouvement malgr\u00e9 la tentative d\u2019an\u00e9antissement dont il a \u00e9t\u00e9 l\u2019objet. <strong>Alberto Giacometti\u00a0<\/strong>a \u00e9galement sculpt\u00e9 de nombreuses \u00ab\u00a0<strong>Femmes debout<\/strong>\u00a0\u00bb qui m\u2019inspirent aujourd\u2019hui.<\/p>\n<p><b>\u00a0Fabienne Verdier<\/b> pour son travail \u00e0 l\u2019Encre de Chine<b>.<\/b><\/p>\n<p><strong>St\u00e9phane Guiran\u00a0<\/strong>pour ses installations tout en d\u00e9licatesse, po\u00e9sie, pr\u00e9sence\u00a0 et force.<\/p>\n<p>[\/et_pb_text][\/et_pb_column][et_pb_column type=\u00a0\u00bb1_2&Prime; _builder_version=\u00a0\u00bb4.16&Prime; _module_preset=\u00a0\u00bbdefault\u00a0\u00bb global_colors_info=\u00a0\u00bb{}\u00a0\u00bb][et_pb_image src=\u00a0\u00bbhttp:\/\/www.existe-en-ciel.com\/Karole\/wp-content\/uploads\/2024\/07\/shutterstock_790423198-scaled.jpg\u00a0\u00bb title_text=\u00a0\u00bbAbstract,White,Canvas,Textures,And,Surface,For,Background\u00a0\u00bb _builder_version=\u00a0\u00bb4.16&Prime; _module_preset=\u00a0\u00bbdefault\u00a0\u00bb transform_rotate=\u00a0\u00bb0deg|0deg|90deg\u00a0\u00bb custom_margin=\u00a0\u00bb58px|||||\u00a0\u00bb custom_padding=\u00a0\u00bb||4px|||\u00a0\u00bb global_colors_info=\u00a0\u00bb{}\u00a0\u00bb][\/et_pb_image][\/et_pb_column][\/et_pb_row][\/et_pb_section]<\/p>\n","protected":false},"excerpt":{"rendered":"<p>Qui suis-je ?Je vis en France, \u00e0 30 mn de Lyon, dans la r\u00e9gion Auvergne-Rh\u00f4ne-Alpes. Peindre rel\u00e8ve pour moi d\u2019une \u00ab\u00a0n\u00e9cessit\u00e9 int\u00e9rieure\u00a0\u00bb comme a pu le dire Vassily\u00a0 Kandinsky* en des temps\u00a0 lointains\u2026Il s\u2019agit d\u2019un besoin vital inscrit au fond de moi depuis 30 ans. C\u2019est ma fa\u00e7on de dire \u00a0ce qui m\u2019habite, me traverse, [&hellip;]<\/p>\n","protected":false},"author":2,"featured_media":0,"parent":0,"menu_order":0,"comment_status":"closed","ping_status":"closed","template":"","meta":{"_et_pb_use_builder":"on","_et_pb_old_content":"","_et_gb_content_width":"","footnotes":""},"class_list":["post-60","page","type-page","status-publish","hentry"],"_links":{"self":[{"href":"http:\/\/www.existe-en-ciel.com\/Karole\/wp-json\/wp\/v2\/pages\/60","targetHints":{"allow":["GET"]}}],"collection":[{"href":"http:\/\/www.existe-en-ciel.com\/Karole\/wp-json\/wp\/v2\/pages"}],"about":[{"href":"http:\/\/www.existe-en-ciel.com\/Karole\/wp-json\/wp\/v2\/types\/page"}],"author":[{"embeddable":true,"href":"http:\/\/www.existe-en-ciel.com\/Karole\/wp-json\/wp\/v2\/users\/2"}],"replies":[{"embeddable":true,"href":"http:\/\/www.existe-en-ciel.com\/Karole\/wp-json\/wp\/v2\/comments?post=60"}],"version-history":[{"count":13,"href":"http:\/\/www.existe-en-ciel.com\/Karole\/wp-json\/wp\/v2\/pages\/60\/revisions"}],"predecessor-version":[{"id":170,"href":"http:\/\/www.existe-en-ciel.com\/Karole\/wp-json\/wp\/v2\/pages\/60\/revisions\/170"}],"wp:attachment":[{"href":"http:\/\/www.existe-en-ciel.com\/Karole\/wp-json\/wp\/v2\/media?parent=60"}],"curies":[{"name":"wp","href":"https:\/\/api.w.org\/{rel}","templated":true}]}}